{"id":2625,"date":"2018-04-25T22:17:44","date_gmt":"2018-04-25T20:17:44","guid":{"rendered":"http:\/\/soriapasoapaso.es\/?page_id=2625"},"modified":"2024-01-21T22:13:03","modified_gmt":"2024-01-21T21:13:03","slug":"nuestras-normas","status":"publish","type":"page","link":"https:\/\/soriapasoapaso.es\/?page_id=2625","title":{"rendered":"Nuestras normas"},"content":{"rendered":"<div class=\"content\">\u00a0<\/div>\n<h1>\u00a0<\/h1>\n<h1>\u00a0<\/h1>\n<h1><a name=\"_Toc27854128\"><\/a>DISPOSICIONES GENERALES DE FUNCIONAMIENTO<\/h1>\n<p>Todos los socios del Club de senderismo <em>Soria<\/em> <em>Paso a Paso<\/em> se comprometen a cumplir con el siguiente Reglamento:<\/p>\n<h2><a name=\"_Toc27854129\"><\/a>ART\u00cdCULO 1.- CUOTAS<\/h2>\n<p>Abono de la cuota inicial aprobada en Asamblea General y que da derecho a tres prendas para la equitaci\u00f3n (Cortavientos, sudadera y camiseta de manga corta). La cuota actual es de 50 \u20ac.<\/p>\n<p>Abono de la cuota anual aprobada en Asamblea General, 30\u20ac<\/p>\n<p>Ambas cuotas se hacen efectivas en el momento de la inscripci\u00f3n para los nuevos socios<\/p>\n<p><a name=\"_Toc27854130\"><\/a><\/p>\n<h2>ART\u00cdCULO 2.- RUTAS<\/h2>\n<p>\u2013 Todos los participantes seguir\u00e1n las indicaciones del gu\u00eda.<\/p>\n<p>\u2013 Para asistir a las rutas ser\u00e1 imprescindible estar federado y llevar:<\/p>\n<ul>\n<li>. Tel\u00e9fono m\u00f3vil.<\/li>\n<li>. Botas de monta\u00f1a o calzado apropiado para la ruta que se va a realizar.<\/li>\n<li>. Silbato y chaleco de color visible reflectante.<\/li>\n<li>Los Equipos de protecci\u00f3n individual (EPIS) indicados en cada ruta.<\/li>\n<\/ul>\n<p>\u2013 Las rutas se convocar\u00e1n principalmente a trav\u00e9s de la web en la que se inscribir\u00e1n los socios e invitados que vayan a participar en las mismas.<\/p>\n<p>\u2013 En la convocatoria de cada ruta se incluir\u00e1 informaci\u00f3n del trazado, perfil, lugar de reuni\u00f3n e inicio de la ruta, m\u00e9todos de informaci\u00f3n de dificultad como MIDE, IBP- HKG, a fin de que los posibles participantes valoren su dificultad y si se adapta a sus condiciones f\u00edsicas personales antes de inscribirse en las mismas.<\/p>\n<p>La organizaci\u00f3n se reserva la posibilidad de suspender o cambiar la actividad por otra similar a otro lugar del programado por:<\/p>\n<ul>\n<li>Escasa participaci\u00f3n.<\/li>\n<li>Las condiciones meteorol\u00f3gicas o estado de la monta\u00f1a en el lugar donde se hab\u00eda programado inicialmente.<\/li>\n<li>Falta de gu\u00eda responsable.<\/li>\n<\/ul>\n<h3><a name=\"_Toc27854131\"><\/a>1.- Quedada para comprobar meteorolog\u00eda:<\/h3>\n<p>La Organizaci\u00f3n propondr\u00e1 un lugar de quedada en la ciudad a una hora concreta, para comprobar la meteorolog\u00eda del d\u00eda de la ruta, confirmar o cambiar la ruta y facilitar a los participantes, si lo consideran oportuno, que puedan compartir medios de transporte propios, para desplazarse al punto de encuentro.<\/p>\n<h3><a name=\"_Toc27854132\"><\/a>2.- Punto de encuentro<\/h3>\n<p>Es el lugar indicado por la Organizaci\u00f3n para el inicio de la ruta senderista (desde donde se comienza a andar), en cuyo momento los participantes estar\u00e1n bajo su amparo y que ser\u00e1 se\u00f1alizado en la informaci\u00f3n previa a las rutas.<\/p>\n<h2><a name=\"_Toc27854133\"><\/a>ART\u00cdCULO 3.- TARJETA FEDERATIVA<\/h2>\n<p>\u2013 Todos los miembros del club est\u00e1n obligados a tener la condici\u00f3n de federado por la Federaci\u00f3n Espa\u00f1ola de Monta\u00f1ismo, adquiriendo la tarjeta que cubra las actividades de senderismo en todo el territorio nacional o en su defecto el de Castilla y Le\u00f3n. Salvo casos excepcionales solicitados por los socios y que deber\u00e1 aprobar la Junta Directiva.<\/p>\n<p>\u2013 Ning\u00fan socio podr\u00e1 participar en las rutas sin la tarjeta federativa v\u00e1lida en el territorio donde se camine.<\/p>\n<h2><a name=\"_Toc27854134\"><\/a>ART\u00cdCULO 4.- INVITADOS<\/h2>\n<p>Los socios podr\u00e1n llevar invitados a las rutas con las siguientes condiciones:<\/p>\n<ul>\n<li>Deber\u00e1n estar en posesi\u00f3n de la ficha federativa correspondiente al territorio donde se camine.<\/li>\n<li>Antes de iniciarse la ruta deber\u00e1 facilitar su n\u00famero de tel\u00e9fono m\u00f3vil al socio que lo invita.<\/li>\n<li>El socio debe informar a su invitado de las condiciones de su participaci\u00f3n y asegurarse de que lleva los EPIs adecuados a cada ruta.<\/li>\n<li>El invitado cumplimentar\u00e1 el modelo \u00abconsentimiento informado\u00bb que est\u00e1 en la p\u00e1gina WEB y lo entregar\u00e1 antes de iniciar la caminata, al gu\u00eda de cada ruta en la que participa.<\/li>\n<\/ul>\n<h2><a name=\"_Toc27854135\"><\/a>ART\u00cdCULO 5.- VIAJES EN AUTOBUS ORGANIZADOS POR EL CLUB<\/h2>\n<p>La convocatoria se realizar\u00e1 preferentemente por el mismo medio que las rutas normales y se regir\u00e1 por los siguientes puntos:<\/p>\n<ol>\n<li>La convocatoria incluir\u00e1 los datos del viaje y el precio que deber\u00e1 hacerse efectivo en el plazo acordado por la organizaci\u00f3n.<\/li>\n<li>El plazo estimado para la inscripci\u00f3n a las rutas ser\u00e1 de hasta una semana, antes de la ruta, salvo que la organizaci\u00f3n indique otro plazo.<\/li>\n<li>La participaci\u00f3n se ajustar\u00e1 al n\u00famero de plazas de los autobuses.<\/li>\n<\/ol>\n<p>En la lista se podr\u00e1n incorporar tanto socios como invitados.<\/p>\n<ol>\n<li>En el caso de haberse inscrito m\u00e1s personas que plazas tenga el autob\u00fas correspondiente, se atender\u00e1 al orden de inscripci\u00f3n, teniendo preferencia socios sobre invitados hasta una semana antes del inicio de la ruta, o cuando lo indique la Organizaci\u00f3n. Tras esta fecha, si existieran plazas vacantes se asignar\u00e1n por orden de inscripci\u00f3n, sean socios o invitados.<\/li>\n<li>Una vez abonada la cuota de participaci\u00f3n al evento organizado, el Club no devolver\u00e1 el dinero correspondiente independientemente de que se ocupe o no su plaza, salvo que la Junta Directiva, atendiendo a las singularidades del caso pueda tomar otra decisi\u00f3n.<\/li>\n<li>La puntualidad es una condici\u00f3n indispensable, por lo que la falta de la misma no obliga a esperar a los impuntuales.<\/li>\n<\/ol>\n<h2><a name=\"_Toc27854136\"><\/a>ART\u00cdCULO 6.- NOTAS PREVIAS A CONOCER ANTES DE SALIR DE RUTA<\/h2>\n<p>El participante debe de entender que accede a realizar la actividad propuesta de manera libre y voluntaria.<\/p>\n<p>El participante se informar\u00e1 debidamente sobre las caracter\u00edsticas de la actividad propuesta, prestando especial atenci\u00f3n a la informaci\u00f3n ofrecida por la Organizaci\u00f3n y las medidas de seguridad propuestas o dispuestas por la misma.<\/p>\n<p>El participante atender\u00e1 y acatar\u00e1 en todo momento las indicaciones de los responsables de la actividad, entendiendo que su misi\u00f3n es b\u00e1sicamente conseguir una actividad segura. As\u00ed mismo, el participante asume su responsabilidad en caso de no seguir las indicaciones de los responsables.<\/p>\n<p>Siendo esta una actividad colectiva organizada, el participante deber\u00e1 colaborar con los responsables y ayudar al resto de los participantes cuando le sea requerido.<\/p>\n<h2>AVISO LEGAL<\/h2>\n<p>De conformidad con la normativa de la protecci\u00f3n de Datos Personales le informamos que Ud. nos autoriza a comunicar los datos que nos facilita para ser incluidos en unos ficheros automatizados cuya titularidad corresponde a la Federaci\u00f3n Espa\u00f1ola de Deportes de\u00a0 Monta\u00f1a y Escalada (FEDME), a la Federaci\u00f3n de Deportes de Monta\u00f1a Escalada y Senderismo de Castilla y Le\u00f3n (FDMESCYL) y al <strong>\u00a0Club de Deportivo SORIA PASO A PASO<\/strong> , con la finalidad de obtener la tarjeta federativa, de participar en las actividades reconocidas y validadas a efectos federativos y de recibir informaci\u00f3n general sobre los servicios, promociones y actividades relacionadas con las mismas.Le informamos tambi\u00e9n que podr\u00e1 ejercer sus derechos de acceso, rectificaci\u00f3n, supresi\u00f3n, limitaci\u00f3n a tratamiento, portabilidad y oposici\u00f3n al tratamiento de sus datos mediante una comunicaci\u00f3n dirigida a FEDME C\/ Floridablanca, 84, 08015- Barcelona, FDMESCYL c\/ Profesor Adolfo Miaja de la Muela, n\u00ba 16, 47014 \u2013 Valladolid y al <strong>CD SORIA PASO A PASO,<\/strong><strong>Centro Municipal Polivalente \u201cLa Presentaci\u00f3n\u201d, Plaza Bernardo Robles, 9, 42002 \u2013 Soria<\/strong><\/p>\n<p>Asimismo, al tramitar la licencia federativa autoriza a la comunicaci\u00f3n de sus datos a la entidad aseguradora y a la corredur\u00eda de seguros con quien se haya suscrito el seguro m\u00e9dico obligatorio, con el fin de gestionar las coberturas de accidentes m\u00e9dicos y de responsabilidad civil.<\/p>\n<p>Del mismo modo y de acuerdo a los intereses deportivos, de promoci\u00f3n, distribuci\u00f3n y explotaci\u00f3n del Club, los inscritos en sus distintas actividades, autorizan de manera expresa y sin l\u00edmite temporal al <strong>C. D. Soria paso a Paso<\/strong>, el uso publicitario de fotos, v\u00eddeos y cualquier otro tipo de material fotogr\u00e1fico o audiovisual en el que pueda figurar, en los medios de comunicaci\u00f3n, cine y\/o Internet, sin esperar retribuci\u00f3n alguna por este concepto.<\/p>\n<p>Nuestros estatutos:\u00a0<a style=\"font-size: 14px;\" href=\"http:\/\/soriapasoapaso.es\/wp-content\/uploads\/2018\/04\/Estatutos-V1.pdf\">Estatutos V1<\/a><\/p>\n<p>Si quieres solicitar ser socio, primero debes poseer licencia federativa. si quieres que te la tramitemos, primero has de afiliarte en la web de la federaci\u00f3n https:\/\/www.fclm.com\/afiliacion-fdmescyl\/\u00a0 \u00a0y luego te pones en contacto con el presidente o tesorero y te dir\u00e1n donde\u00a0 ingresar la cantidad al club Soria Paso a Paso, del tipo de licencia elegido , indicando DNI y tipo de licencia a solicitar. Luego entrega la ficha de inscripci\u00f3n que puedes descargarte en el enlace siguiente:\u00a0 <a href=\"http:\/\/soriapasoapaso.es\/wp-content\/uploads\/2024\/01\/FICHA-DE-DATOS-PARA-NUEVO-SOCIO-v7.pdf\">FICHA DE DATOS PARA NUEVO SOCIO v7<\/a><\/p>\n<p>Si quieres que te tramitemos la licencia federativa exclusivamente, primero has de afiliarte en la web de la federaci\u00f3n https:\/\/www.fclm.com\/afiliacion-fdmescyl\/\u00a0 \u00a0y luego te pones en contacto con el presidente o tesorero y te dir\u00e1n donde\u00a0 ingresar la cantidad al club Soria Paso a Paso, del tipo de licencia elegido m\u00e1s 5 euros de gastos de gesti\u00f3n, indicando DNI y tipo de licencia a solicitar.<\/p>\n<p>Si eres invitado a las rutas, debes rellenar el siguiente consentimiento informado: <a href=\"http:\/\/soriapasoapaso.es\/wp-content\/uploads\/2018\/12\/CONSENTIMIENTO-INFORMADO-v5.pdf\">CONSENTIMIENTO INFORMADO v5<\/a><\/p>\n<p>y como ficha de incidencias en las rutas a rellenar por los responsables en caso de necesidad:\u00a0<a href=\"http:\/\/soriapasoapaso.es\/wp-content\/uploads\/2018\/12\/FICHA-INCIDENCIAS-v6.pdf\">FICHA INCIDENCIAS v6<\/a><\/p>\n\n\n<p>Reglamento de r\u00e9gimen interior (aprobado del 21 de diciembre de 2019)<\/p>\n\n\n\n<div class=\"wp-block-file\"><a id=\"wp-block-file--media-cfad0af1-3ac7-45f4-8f66-8017a99c1db1\" href=\"http:\/\/soriapasoapaso.es\/wp-content\/uploads\/2019\/12\/REGLAMENTO-DE-R\u00c9GIMEN-INTERIOR-v6-aprobada.pdf\">REGLAMENTO-DE-R\u00c9GIMEN-INTERIOR-v6-aprobada<\/a><a href=\"http:\/\/soriapasoapaso.es\/wp-content\/uploads\/2019\/12\/REGLAMENTO-DE-R\u00c9GIMEN-INTERIOR-v6-aprobada.pdf\" class=\"wp-block-file__button wp-element-button\" download aria-describedby=\"wp-block-file--media-cfad0af1-3ac7-45f4-8f66-8017a99c1db1\">Descarga<\/a><\/div>\n\n\n\n<p><\/p>\n","protected":false},"excerpt":{"rendered":"<p>\u00a0 \u00a0 \u00a0 DISPOSICIONES GENERALES DE FUNCIONAMIENTO Todos los socios del Club de senderismo Soria Paso a Paso se comprometen a cumplir con el siguiente Reglamento: ART\u00cdCULO 1.- CUOTAS Abono de la cuota inicial aprobada en Asamblea General y que da derecho a tres prendas para la equitaci\u00f3n (Cortavientos, sudadera <\/p>\n<p><a class=\"read-more\" href=\"https:\/\/soriapasoapaso.es\/?page_id=2625\">Read More<\/a><\/p>\n","protected":false},"author":1,"featured_media":0,"parent":0,"menu_order":0,"comment_status":"closed","ping_status":"closed","template":"","meta":{"footnotes":""},"class_list":["post-2625","page","type-page","status-publish","hentry"],"_links":{"self":[{"href":"https:\/\/soriapasoapaso.es\/index.php?rest_route=\/wp\/v2\/pages\/2625","targetHints":{"allow":["GET"]}}],"collection":[{"href":"https:\/\/soriapasoapaso.es\/index.php?rest_route=\/wp\/v2\/pages"}],"about":[{"href":"https:\/\/soriapasoapaso.es\/index.php?rest_route=\/wp\/v2\/types\/page"}],"author":[{"embeddable":true,"href":"https:\/\/soriapasoapaso.es\/index.php?rest_route=\/wp\/v2\/users\/1"}],"replies":[{"embeddable":true,"href":"https:\/\/soriapasoapaso.es\/index.php?rest_route=%2Fwp%2Fv2%2Fcomments&post=2625"}],"version-history":[{"count":14,"href":"https:\/\/soriapasoapaso.es\/index.php?rest_route=\/wp\/v2\/pages\/2625\/revisions"}],"predecessor-version":[{"id":14428,"href":"https:\/\/soriapasoapaso.es\/index.php?rest_route=\/wp\/v2\/pages\/2625\/revisions\/14428"}],"wp:attachment":[{"href":"https:\/\/soriapasoapaso.es\/index.php?rest_route=%2Fwp%2Fv2%2Fmedia&parent=2625"}],"curies":[{"name":"wp","href":"https:\/\/api.w.org\/{rel}","templated":true}]}}