{"id":1102,"date":"2017-05-18T16:32:38","date_gmt":"2017-05-18T14:32:38","guid":{"rendered":"http:\/\/soriapasoapaso.es\/?page_id=1102"},"modified":"2018-06-18T13:48:47","modified_gmt":"2018-06-18T11:48:47","slug":"galeria","status":"publish","type":"page","link":"https:\/\/soriapasoapaso.es\/?page_id=1102","title":{"rendered":"Galer\u00eda"},"content":{"rendered":"<div id=\"pl-1102\"  class=\"panel-layout\"><div id=\"pg-1102-0\"  class=\"panel-grid panel-no-style\"><div id=\"pgc-1102-0-0\"  class=\"panel-grid-cell\"><div id=\"panel-1102-0-0-0\" class=\"so-panel widget widget_sow-editor panel-first-child\" data-index=\"0\"><div class=\"panel-widget-style panel-widget-style-for-1102-0-0-0\"><div\n\t\t\t\n\t\t\tclass=\"so-widget-sow-editor so-widget-sow-editor-base\">\n<div class=\"siteorigin-widget-tinymce textwidget\">\n\t<blockquote>\n<ul>\n<hr \/>\n<p><strong>Aqu\u00ed aparecen todos nuestros \u00e1lbumes de fotograf\u00edas. Pasa por encima de la imagen con el rat\u00f3n, y ver\u00e1s el t\u00edtulo del \u00e1lbum, haz click sobre \u00e9l y descubre todas las fotos de ese \u00e1lbum.<\/strong><\/p><\/ul>\n<\/blockquote>\n<\/div>\n<\/div><\/div><\/div><div id=\"panel-1102-0-0-1\" class=\"so-panel widget widget_sow-editor panel-last-child\" data-index=\"1\"><div class=\"panel-widget-style panel-widget-style-for-1102-0-0-1\"><div\n\t\t\t\n\t\t\tclass=\"so-widget-sow-editor so-widget-sow-editor-base\">\n<div class=\"siteorigin-widget-tinymce textwidget\">\n\t<p><code>\u00a0<\/code><\/p>\n<h1><strong><ins datetime=\"2018-05-20T17:41:03+00:00\"><\/ins><\/strong><\/h1><\/div><\/div><\/div><\/div><\/div><\/div><\/div><p> <a href=\"https:\/\/soriapasoapaso.es\/?page_id=1102#more-1102\" class=\"more-link\">Leer m\u00e1s<\/a><\/p>","protected":false},"excerpt":{"rendered":"<p>Aqu\u00ed aparecen todos nuestros \u00e1lbumes de fotograf\u00edas. Pasa por encima de la imagen con el rat\u00f3n, y ver\u00e1s el t\u00edtulo del \u00e1lbum, haz click sobre \u00e9l y descubre todas las fotos de ese \u00e1lbum. \u00a0<\/p>\n","protected":false},"author":1,"featured_media":0,"parent":0,"menu_order":0,"comment_status":"closed","ping_status":"closed","template":"Full-width-page.php","meta":{"footnotes":""},"class_list":["post-1102","page","type-page","status-publish","hentry"],"_links":{"self":[{"href":"https:\/\/soriapasoapaso.es\/index.php?rest_route=\/wp\/v2\/pages\/1102","targetHints":{"allow":["GET"]}}],"collection":[{"href":"https:\/\/soriapasoapaso.es\/index.php?rest_route=\/wp\/v2\/pages"}],"about":[{"href":"https:\/\/soriapasoapaso.es\/index.php?rest_route=\/wp\/v2\/types\/page"}],"author":[{"embeddable":true,"href":"https:\/\/soriapasoapaso.es\/index.php?rest_route=\/wp\/v2\/users\/1"}],"replies":[{"embeddable":true,"href":"https:\/\/soriapasoapaso.es\/index.php?rest_route=%2Fwp%2Fv2%2Fcomments&post=1102"}],"version-history":[{"count":119,"href":"https:\/\/soriapasoapaso.es\/index.php?rest_route=\/wp\/v2\/pages\/1102\/revisions"}],"predecessor-version":[{"id":2993,"href":"https:\/\/soriapasoapaso.es\/index.php?rest_route=\/wp\/v2\/pages\/1102\/revisions\/2993"}],"wp:attachment":[{"href":"https:\/\/soriapasoapaso.es\/index.php?rest_route=%2Fwp%2Fv2%2Fmedia&parent=1102"}],"curies":[{"name":"wp","href":"https:\/\/api.w.org\/{rel}","templated":true}]}}